7. Let h be n(11). Suppose -17*p - 1986 = 5851. Let v = p + h. What are the prime factors of v?
2, 3
Let i(x) be the first derivative of x**2/2 + 14*x - 1. Let o be i(-9). Suppose o*a = 197 + 298. List the prime factors of a.
3, 11
Suppose -66649 = -4*h + 52785 + 29298. What are the prime factors of h?
19, 103
Suppose -7652 - 9220 = 6*n. Let m = -1927 - n. List the prime factors of m.
3, 5, 59
Let r = 395 - 260. Let s = -322 + 229. Let a = r + s. What are the prime factors of a?
2, 3, 7
Let d = 2184 - 657. Let g = d + -833. List the prime factors of g.
2, 347
Let i = 62890 + -27125. List the prime factors of i.
5, 23, 311
Let q be (-20)/(-9) - 52/234. Suppose 0 = 10*p + q*p - 5976. List the prime factors of p.
2, 3, 83
Suppose -140*y + 2675484 + 959756 = 0. List the prime factors of y.
2, 12983
Let h(s) = -6*s - 9. Let v = -58 + 56. Let u be h(v). Suppose 0 = u*b - j - 466, 2*b + 3*j + 158 = 3*b. What are the prime factors of b?
5, 31
List the prime factors of 4 - 12/4 - (-102326)/2.
2, 12791
Let n(p) = -p**3 + 2*p**2 + p - 4. Let i be n(3). Let q(a) be the first derivative of a**4/4 + 13*a**3/3 + 3*a**2 + 20*a - 4760. List the prime factors of q(i).
2, 5, 13
Suppose -4*n - 10*u + 1596 = 0, -4*n = -2*n - 3*u - 830. Let o = -173 + n. List the prime factors of o.
2, 59
Suppose 0 = -2*t - 0*t - 2*q + 1312, -16 = -4*q. List the prime factors of t.
2, 163
Let b(n) = 36*n**2 + 58*n - 86. List the prime factors of b(-21).
2, 3643
Suppose 0 = 4*q + 8 - 8. Suppose q = 17*r - 12*r - 20. Suppose 5*w - 3*f = -0*f + 1080, r*w - 4*f = 864. List the prime factors of w.
2, 3
Suppose 2*s - 15116 = 2*k, 27015 + 10767 = 5*s - 3*k. What are the prime factors of s?
2, 3, 1259
Let k(g) = g**2 - 12*g + 14. Let s be k(20). Let b = 306 - s. List the prime factors of b.
2, 3, 11
Suppose 2664257 = 137*x - 3514717. What are the prime factors of x?
2, 3, 7517
Suppose -2*d = -a + 9 - 4, -a = 4*d + 1. Suppose a*h = -2*h + 1500. What are the prime factors of h?
2, 3, 5
Let a be 8 - ((-4)/(-2) - (1 - -1)). Let x(h) = -55*h - 11. Let d be x(a). Let t = -295 - d. List the prime factors of t.
2, 3, 13
Suppose 2*a + 13327 = i, 22*i - 24*i = 2*a - 26648. List the prime factors of i.
5, 13, 41
Let h(g) = 108*g**2 - 9*g + 27. Let c be h(3). Let w = c - 564. What are the prime factors of w?
2, 3, 17
Let g(n) = 5*n**2 + 54*n + 1207. List the prime factors of g(-62).
3, 5693
Let v be -3 + 4670/4 + (-4)/8. Let z = v - 656. List the prime factors of z.
2, 127
Let v be -2 + 46 - (0 - -2). Let d be (-7)/(-2) - 9/6. Suppose d*g = 0, g + 42 = k - v. List the prime factors of k.
2, 3, 7
Suppose 6553 + 2900 = 5*a - 3*i, 4*i - 5695 = -3*a. Let q = a - -226. What are the prime factors of q?
13, 163
Let v = -92 + 92. Suppose 0 = s + 10 - 27. What are the prime factors of -3*(v - 0/(-1) - s)?
3, 17
Let i(w) = -49*w + 7. Let s be i(-3). Suppose 3*y + 10 = 4*k, 4*k + 5*y = 3*y + 20. Suppose -3*c = k - s. What are the prime factors of c?
2, 5
Suppose 861424 + 962336 = 68*l. What are the prime factors of l?
2, 3, 5, 149
Suppose -10958 = -2*i - n, -5*n = -2*i - 4948 + 15930. What are the prime factors of i?
3, 7, 29
Suppose -g = 0, y - 33 = -2*y - g. Let p(s) = 19*s - 26. Let h(d) = -19*d + 25. Let j(r) = 2*h(r) + 3*p(r). What are the prime factors of j(y)?
181
Let n = 510 + 2917. What are the prime factors of n?
23, 149
Suppose 25932 = 5*y - 230*i + 228*i, 0 = -3*y + 3*i + 15552. List the prime factors of y.
2, 1297
Let l(r) = 20*r - 11*r**2 + 48*r**2 + 19*r - 22*r**2 + r**3 + 0*r**3 + 15. Suppose 0*b + 33 = -3*b. What are the prime factors of l(b)?
2, 5, 7
Let u be 0/(12/(-4) + (-2)/(-2)). Suppose -t + 1 = r, 2*t - 2 = 2*r - u*t. Let y(l) = -l**2 + l + 119. List the prime factors of y(r).
7, 17
Let p(n) = -7*n**2 - 21*n - 687. Let h(l) = 11*l**2 + 32*l + 1031. Let d(v) = -5*h(v) - 8*p(v). What are the prime factors of d(0)?
11, 31
Suppose 121*x - 113*x - 25544 = 81856. List the prime factors of x.
3, 5, 179
Let w(b) = b**2 - 9*b - 18. Let o be w(10). List the prime factors of (o/5)/(4/(-760)).
2, 19
Suppose 80150 = 26*m - 44095 - 215289. List the prime factors of m.
3, 1451
Let p(a) = 44*a**3 + 2*a**2 - 118*a - 6. What are the prime factors of p(9)?
2, 3, 5, 1039
Let h be (-69)/(-6)*(-72)/(-3). Suppose -4*v = -0*v - h. Let m = -24 + v. What are the prime factors of m?
3, 5
Let t(o) = -5*o**2 - 34*o + 9. Let c(m) = 19*m**2 + 136*m - 38. Let a(u) = -4*c(u) - 15*t(u). Let x be (-2)/4 - 47/2. List the prime factors of a(x).
257
Let p = -97 - -94. Let w be p/((-3)/(-1 - -58)). Let v = w - -22. What are the prime factors of v?
79
Suppose 42*v - 74889 - 225408 = -1131. What are the prime factors of v?
17, 419
Suppose 7*c - k = k + 72937, 0 = 2*c - k - 20840. What are the prime factors of c?
3, 23, 151
Suppose n + 7 + 10 = 5*b, -5*n + 2*b + 7 = 0. Suppose a - 5849 = -5*l + n*a, 0 = l - 4*a - 1177. Suppose l = -0*d + 7*d. What are the prime factors of d?
167
Let a(x) = x**2 + 6*x + 2. Let l be a(-6). Suppose 347 - 2655 = -4*b. Suppose -b = -5*k - 6*o + l*o, 2*k = -3*o + 235. What are the prime factors of k?
113
Let a = -41 + 41. Suppose -5*c + u = 3*u - 630, c - 4*u - 126 = a. Suppose 0 = -0*l - 2*l + c. List the prime factors of l.
3, 7
Let l(z) = 71*z**2 - 29*z - 140. Suppose 26 = -5*k - r, 21*r - 4 = k + 20*r. What are the prime factors of l(k)?
2, 5, 89
Suppose 37 + 43 = 8*x. Suppose -3*z + 10 = 5*h, 6*h = z + h - x. Suppose 2*p - 54 = -5*n, -2*n + 75 = 3*n - z*p. What are the prime factors of n?
2, 3
Suppose 0 = 5*w - 3*w - 4. Suppose -19*h + 25*h + 29*h = 0. List the prime factors of 9 + 31 + (2 + h)/w.
41
Suppose -4*z = -2*z - n + 200, 210 = -2*z - 4*n. Let l = z - -329. List the prime factors of l.
2, 3, 19
Let x(h) = -2*h - 17 + 2*h + 3*h + 0*h. Let u = 77 + -70. What are the prime factors of x(u)?
2
Let h = 51 + -46. Suppose 4*f + 2*k + 4 - 2 = 0, -4*f - h*k - 11 = 0. List the prime factors of (f + -3)*(143/(-2) + 2).
139
Suppose 634700 = 3801*f - 3791*f. What are the prime factors of f?
2, 5, 11, 577
Let a = 55307 + -22034. List the prime factors of a.
3, 3697
Let d = -281 + 278. Let v = 61 - 13. Let s = v - d. What are the prime factors of s?
3, 17
Let a(m) = -5*m - 38. Suppose 3*j + 3*g + 7 = 37, -54 = -4*j + 3*g. Let h be (3 - 27/j)*-24. List the prime factors of a(h).
2, 13
Let f(u) = 4*u + 14. Suppose t + 100 = 12. Let n be t/(-10) - (-6)/30. List the prime factors of f(n).
2, 5
Let n be (-511371)/(-147) + (-2)/(-7). Suppose 4*r - n = 29. List the prime factors of r.
877
Suppose -12*o = -76 - 584. List the prime factors of 14475/o + 22/(-121).
263
Let z = -271 + 153. Suppose 5*v + 824 + 384 = 3*l, l + 2*v - 388 = 0. Let d = l + z. What are the prime factors of d?
2, 139
Suppose -21*x + 78*x - 114 = 0. List the prime factors of x/3*((-72090)/4)/(-9).
3, 5, 89
Let u = 38527 + -2269. What are the prime factors of u?
2, 3, 6043
Suppose 5*x = 1457*f - 1452*f + 231440, 5*x - f = 231424. What are the prime factors of x?
2, 3, 7, 19, 29
Suppose 591 - 17 = q + 5*b, -5*b + 1762 = 3*q. Let o = q - 245. List the prime factors of o.
349
Let u = 138 - 143. Let z = 8 + u. What are the prime factors of 3000/28 + 1/(-7) - z?
2, 13
Let u(r) = -33*r**2 + 9*r + 7. Let j be u(-3). Let c = 533 + j. List the prime factors of c.
2, 3
Suppose 42*l = -887 + 84929. List the prime factors of l.
3, 23, 29
Let s = -231 - -231. What are the prime factors of 54 - (8/(-4) + 2) - s?
2, 3
Suppose -2*b - 23 = 5*m, 6*m = 5*b + 2*m - 25. Let n(j) = 1385*j**3 + 10*j - 9. What are the prime factors of n(b)?
2, 3, 7, 11
Suppose 2*s = -3*j - 200, 0*j + 3*j - 3*s = -180. Let y be -4 + (-3 - -3) + j. Let a = 97 + y. What are the prime factors of a?
29
Let n = -485 + 343. Let g be n*1/2*-1. Suppose g = -3*j + 182. List the prime factors of j.
37
Suppose 0 = -3*l - 2*f + 15, 3*l - 4*f = -4 + 19. Let j(h) = 39*h**2 - 1. Let y be j(3). Suppose 1130 = 5*o + l*c + y, -4 = -4*c. List the prime factors of o.
5, 31
List the prime factors of (-33)/(-22)*((-25340)/15)/(-1).
2, 7, 181
Let d = 4868 - 8900. Let t = -1040 - d. Suppose -10*o - 332 = -t. List the prime factors of o.
2, 7, 19
Suppose 3*q - 121 = -4*o, -o - 4*q + 16 + 11 = 0. Suppose -12*r - 399 = -o*r. What are the prime factors of r?
3, 7
Suppose -15*a = -126 - 69. Suppose -a*d - 2